ive of -b**3/6 - 13*b**2 + 3*b - 274. Determine m(-6).
-20
Let a(n) = n**3 + 15*n**2 + 26*n - 10. Let k(u) = 2*u + 2. Let g(l) = a(l) - 4*k(l). What is g(-13)?
86
Let h be (-9)/(-6*(-1)/(-4)). Let p(o) = 8*o - 11. Let b(r) be the first derivative of -r**2/2 + r + 53. Let k(c) = h*b(c) + p(c). Determine k(-5).
-15
Suppose 203*k + 209*k = 411*k - 3. Let h(r) = r**3 + 3*r**2 + r - 6. Determine h(k).
-9
Let o(m) = -m**2 + 22*m - 1. Let i(y) = -4*y**2 + 187*y - 7. Let t(k) = 3*i(k) - 24*o(k). What is t(-2)?
-15
Let q(l) be the first derivative of 5/2*l**2 - 28 - 1/3*l**3 + 7*l. Let m(r) be the first derivative of q(r). Determine m(-6).
17
Suppose -15 = -9*t + 3. Let m(p) = -135*p + 67*p + t + 69*p. Determine m(-3).
-1
Suppose z = 2*p + 274, -p = 2*p + 2*z + 404. Let j = p + 130. Let b(v) be the second derivative of v**3/3 + 30*v. Calculate b(j).
-12
Let i(b) = -13*b + 8. Let l(a) = -28*a + 17. Let p(n) = -13*i(n) + 6*l(n). What is p(-8)?
-10
Let g(y) = -5*y**2 - 2*y - 1. Let j(n) = -6*n + 2. Let t(x) = -x - 1. Let q(h) = -j(h) + 8*t(h). Let k be q(-6). Suppose 2*c + 6 = k. Determine g(c).
-17
Let o(u) = -43705 + 0*u**2 + 43729 + 24*u + u**2. Give o(-1).
1
Suppose -u = -4, -55 = j + 4*u - 73. Let o(s) = s**2 - s + 1. What is o(j)?
3
Let f(n) = -3*n**2 + n + 94. Let h(g) = -5*g**2 + 2*g + 191. Let k(b) = 2*f(b) - h(b). Suppose 8*p = 4*p. Give k(p).
-3
Let c be (-12 + 9)*1*-7. Suppose 2*p - c = d, p - 5*d = 6*p - 45. Let z(h) = -4*h + 9. What is z(p)?
-31
Let l(k) = -2*k + 6. Let q(g) = -g. Let y(b) = -l(b) + 3*q(b). Suppose 5*j + 161 = -h - 20, 965 = -5*h + 5*j. Let x = 196 + h. Determine y(x).
-11
Let t(n) = -8*n**2 + 3*n - 5. Suppose -70*q + 42 + 168 = 0. Calculate t(q).
-68
Let q(h) = -3*h - 2. Let d be q(1). Let g(p) = -p**2 - 8*p + 1. Let c be g(d). Let k be ((-40)/c)/((-2)/(-4)). Let t(z) = 2*z + 5. What is t(k)?
-5
Let t(d) = 64*d - 127. Let p(a) = 97*a - 192. Let l(f) = -5*p(f) + 7*t(f). What is l(4)?
-77
Let x(a) = a**3 - 2*a + 3. Let v be x(-3). Let h(l) be the second derivative of l**4/12 + 19*l**3/6 + 11*l**2 - 8*l - 6. What is h(v)?
4
Let j(q) = -q**3 + 5*q**2 + 3*q + 3. Suppose 0 = -30*f + 40*f - 20. Suppose 0 = 5*y + f*d - 20, -8*y + 7 = -6*y + d. Give j(y).
-15
Let x(o) be the first derivative of -25*o**2/2 + 54*o + 1811. Calculate x(2).
4
Let v(r) = r**3 + 24*r**2 + 14*r - 205. Let h be v(-23). Let s(d) = -d**2 + 17*d - 29. Calculate s(h).
1
Let g(x) = 4*x**2 - 9*x - 26. Let c(r) = 3*r**2 - 5*r - 27. Let j(q) = 5*c(q) - 4*g(q). What is j(7)?
-3
Let o(f) be the third derivative of f**5/30 + 3*f**4/4 + 2*f**3/3 + 66*f**2 + 4. What is o(-7)?
-24
Let t(w) = -11 - w**3 + 3*w - 5*w**2 + 16 + 0*w. Suppose 0 = 2*y - 3*b - 141, 3*y - 209 = 2*b - 0*b. Let v = 64 - y. Give t(v).
-10
Let t(o) = o**3 - 10*o**2 + 3*o + 6. Let v(g) = -g**3 + 8*g**2 - 4*g - 9. Let l(i) = 4*t(i) + 3*v(i). Determine l(16).
-3
Let k(u) = u**3 + 8*u**2 + 7*u - 1. Suppose 0 = -22*r + 48*r - 416. Suppose 21 = 13*o - r*o - b, 3*b = -2*o - 21. Determine k(o).
29
Suppose 125*a = 132*a + 70. Let f(r) = -r**2 - 10*r + 8. Calculate f(a).
8
Let i(x) = 12*x**2 - x - 5. Let b(m) = 15*m**2 - 5. Let s(h) = 5*b(h) - 6*i(h). Determine s(-1).
2
Let n(l) be the first derivative of 51 + l**2 + 1/3*l**3 + 5*l. Determine n(-4).
13
Let k(m) = m + 2 + 10*m - 3 - 2. Let s = -835 + 838. Calculate k(s).
30
Let b(i) = -i**2 - i - 7. Suppose -74*j + 518 = -27 + 27. Give b(j).
-63
Let z(l) = l + 4. Let v be z(0). Let r(a) be the third derivative of -a**5/60 + a**4/8 - a**3/3 + 2*a**2 - 1024*a + 5. Calculate r(v).
-6
Let g(z) = -z**3 + 943*z**2 - 936*z**2 - 119 + 2506*z - 2494*z. What is g(6)?
-11
Suppose -r + 28 = 4*m - 0*r, 0 = -m + 3*r + 20. Let f = 10 - m. Let k(u) = -2*u + f*u + 5 + u + 0*u. Determine k(-3).
2
Suppose -86*p - 105 = -202*p + 243. Let h(l) be the third derivative of 4/3*l**p + 0 - 8*l**2 + 5/24*l**4 - 1/60*l**5 + 0*l. Calculate h(6).
2
Let s(v) = -v**3 - 4*v**2 - 6*v - 4. Suppose -49*q + 33 - 300 = 40*q. Determine s(q).
5
Let f(u) = 11*u**2 - 32*u + 10. Let q be 1 + 11/(22/(-8)). Let o(d) = -5*d**2 + 15*d - 5. Let n(y) = q*f(y) - 7*o(y). Give n(6).
23
Let y(o) = -o**2 - o - 3. Suppose -3*v + z - 271 = 0, 448 = -5*v - 0*z - 2*z. Let m = v - -90. What is y(m)?
-3
Let g(y) = 12*y**2 + 6*y + 5*y**2 - 27*y**2 + 13*y**2. What is g(-6)?
72
Suppose -163682*f = -163677*f + 60. Let h(c) = -17*c - 199. Give h(f).
5
Let c(d) = 6*d**2 - d + 41. Let k(i) = 11*i**2 - 15*i**2 + 5*i**2 - 1 + 9. Let m(g) = 2*c(g) - 11*k(g). Determine m(-5).
29
Let j = 3 + -5. Let c(m) = -13394*m**3 - 2*m + 6702*m**3 + 6695*m**3 + 1. Give c(j).
-19
Let t(f) be the third derivative of f**4/24 - 5*f**3/6 - 4*f**2. Suppose -7*x - 49 + 70 = 0. Suppose 0 = -5*s + m + x + 36, 4*s = 2*m + 36. Calculate t(s).
2
Let a(i) be the first derivative of -i**5/12 - i**4/12 + i**3/3 + 7*i**2 + 6*i - 235. Let z(m) be the second derivative of a(m). Calculate z(1).
-5
Let x = 1475 - 1484. Let j(f) = f**2 + 6*f - 27. What is j(x)?
0
Let f(i) = -2*i**2 + 4*i - 6. Let w(a) = -a**3 + 24*a**2 + a - 27. Let s be w(24). Determine f(s).
-36
Let x(t) = 2*t**2 - 15*t + 9. Let j be x(6). Let q(d) = -d**3 - 12*d**2 - 29*d - 14. Let g be q(j). Let l(m) = -m**2 + 4*m - 1. Calculate l(g).
-1
Let m(t) = 2*t**2 + 100*t + 143. Let w(u) = -u**2 - 33*u - 52. Let b(j) = 6*m(j) + 17*w(j). Give b(7).
2
Let w(p) = 5*p**2 - 10*p + 10. Let n(r) = -7*r**2 - 19 + 11*r + 37 - 13 - 16. Let l(a) = -3*n(a) - 4*w(a). What is l(-7)?
-7
Let i(g) = 6*g**3 + 178*g**2 + 2*g + 25. Let x(a) = 5*a**3 + 141*a**2 + 2*a + 25. Let l(t) = 4*i(t) - 5*x(t). What is l(6)?
-1
Suppose -3*b - 29*b - 40*b = 0. Suppose b = 2*o - 130 + 110. Let j(t) = -t**2 + 11*t - 2. Calculate j(o).
8
Let w(v) = -28*v - 339. Let c(p) = 119*p + 1355. Let q(y) = -4*c(y) - 15*w(y). Give q(-6).
1
Let y(o) = o**2 + 5*o - 8. Suppose -244 = -16*s - 4132. Let v = 236 + s. What is y(v)?
6
Let i(g) = -g**2 - 15*g - 16. Suppose -3*q + 2*a = 34, -3*q + 5*a = q + 57. Let h be (-24 - (2 + q)) + (7 - 3). Calculate i(h).
-2
Let x(t) = t**2 - 6. Let z(a) = a**3 - 2*a**2 + 1. Let c be z(1). What is x(c)?
-6
Suppose 246*b - 252*b = -72. Let p(o) = -o**3 + 12*o**2 + 9*o - 105. Give p(b).
3
Let y(m) be the second derivative of m**4/12 + 2*m**3/3 - 12*m**2 - 6*m - 72. Determine y(-7).
-3
Let p(v) = -4*v**2 - 10*v**2 - 1 + 3*v**2 - 17 + 2052*v - 2071*v. Give p(-1).
-10
Suppose 0 = -3*s + 73 - 58. Suppose -5*t + 5 = p - t, p + s*t - 7 = 0. Let l(w) = 98*w - 33*w - 4 - 29*w - 37*w. Determine l(p).
-1
Let i(t) = t**2 + 128*t - 806. Let l be i(6). Let b(x) = 52*x**2 - x**3 - 4*x - 55*x**2 + 0*x**3 - 2. What is b(l)?
2
Let n(b) = -b**3 - 9*b**2 + b - 7. Let q(x) = x**3 + 27*x**2 - 27*x + 32. Let m be q(-28). Suppose -r = -5*k - 11, 0 = -4*r + 7*k - m*k - 24. What is n(r)?
-16
Let y(k) = k + 4*k + 3 - 20 + 6 + 1 - k**2. Let v be (-2 + 1)*(-5)/((-10)/(-8)). Calculate y(v).
-6
Let d(g) be the third derivative of 0 + 0*g - 1/6*g**3 - 1/8*g**4 - 1/120*g**6 + 114*g**2 + 3/20*g**5. Determine d(9).
-28
Let c(r) = -10*r**3 + r**2 + r - 1. Let d(b) = 33*b**2 - 6*b + 19. Let k be d(-3). Let t = -333 + k. What is c(t)?
-9
Let y(x) be the third derivative of -x**6/120 - x**5/15 + 13*x**4/24 + 4*x**3/3 - 243*x**2. What is y(-6)?
2
Let r(i) be the third derivative of i**5/60 + i**4/24 - 2*i**3/3 + 1657*i**2. Give r(2).
2
Let x(o) = -10*o + 140. Let y(i) = -2*i + 28. Let m(p) = -x(p) + 6*y(p). Give m(7).
14
Let z(o) = 40 + 27 - o - 27 + 3*o. Give z(-13).
14
Let j(a) = -38*a**2 - 4*a + 99. Let r(v) = -22*v**2 - 2*v + 55. Let u(x) = 4*j(x) - 7*r(x). Determine u(6).
71
Let q = -155563 + 155564. Let u(r) be the first derivative of 2*r**3/3 - r**2 + 3*r - 1. Determine u(q).
3
Let b(q) be the second derivative of -1/2*q**3 + 6*q + 4 - 1/12*q**4 - 3/2*q**2. Determine b(-3).
-3
Let b(u) = -3*u + 3. Let d = -642 - -642. Let z be b(d). Let g(w) = 2*w**2 + w - 5. What is g(z)?
16
Let n = 77 + -48. Let y(i) = -7 - 11*i**2 - 17*i**2 + n*i**2 + 10*i. Calculate y(-12).
17
Let j(a) = a**3 + 7*a**2 - 13*a - 29. Let f(m) = 137*m + 1910. Let y be f(-14). Determine j(y).
11
Let h(q) be the second derivative of 6 + 2/3*q**3 + 6*q - 7/12*q**4 + 2*q**2 + 1/20*q**5. Calculate h(6).
-8
Let v be (-2)/7 + 102/14. Let a(o) = -v + 7*o + 6*o**2 - o**2 + 3*o - o**3. Let 